?
False
Is 2627321 composite?
True
Is 93569 a prime number?
False
Is 18787 composite?
False
Is 2179 prime?
True
Is 3137 prime?
True
Is 1566767 a composite number?
False
Is 191397 prime?
False
Is 35419 composite?
False
Is 1094 a prime number?
False
Is 19289 prime?
True
Is 696053 prime?
True
Is 15911 prime?
False
Is 1692337 a composite number?
False
Is 21081 a prime number?
False
Is 4435 composite?
True
Is 223 composite?
False
Is 23167 a prime number?
True
Is 1575331 composite?
False
Is 47283 a composite number?
True
Is 82127 prime?
False
Is 18895 a prime number?
False
Is 16294 a prime number?
False
Is 68909 prime?
True
Is 7915 a prime number?
False
Is 90161 prime?
False
Is 8497 prime?
False
Is 541 prime?
True
Is 27847 prime?
True
Is 76309 prime?
False
Is 4409 prime?
True
Is 61463 prime?
True
Is 10037 a prime number?
True
Is 13643 a prime number?
False
Is 755473 composite?
False
Is 329905 composite?
True
Is 971 a prime number?
True
Is 30737 composite?
True
Is 255755 a composite number?
True
Is 909217 composite?
False
Is 216119 a prime number?
True
Is 5891 a composite number?
True
Is 232381 a prime number?
True
Is 351083 composite?
True
Is 167521 a prime number?
True
Is 904133 a composite number?
True
Is 64951 a prime number?
True
Is 1397 composite?
True
Is 120391 composite?
False
Is 28091 a prime number?
False
Is 1411 prime?
False
Is 442901 prime?
False
Is 129277 prime?
True
Is 459089 a composite number?
False
Is 2971 prime?
True
Is 12661 prime?
False
Is 771038 a composite number?
True
Is 854263 prime?
True
Is 698731 prime?
False
Is 11821 a composite number?
False
Is 2857 prime?
True
Is 96323 composite?
False
Is 2973 a composite number?
True
Is 685963 a prime number?
True
Is 37117 composite?
False
Is 916871 composite?
False
Is 541 prime?
True
Is 300623 prime?
True
Is 406729 composite?
False
Is 254543 a prime number?
False
Is 1140089 composite?
True
Is 7727 a composite number?
False
Is 4571 a prime number?
False
Is 2973 a composite number?
True
Is 26539 a prime number?
True
Is 22337 a composite number?
True
Is 69769 a prime number?
False
Is 23399 a composite number?
False
Is 101267 a prime number?
True
Is 117907 a composite number?
True
Is 2759 prime?
False
Is 1507 prime?
False
Is 274389 composite?
True
Is 31121 prime?
True
Is 55951 prime?
False
Is 55103 a prime number?
True
Is 25837 composite?
True
Is 248383 prime?
False
Is 681167 prime?
True
Is 482389 composite?
True
Is 97473 a composite number?
True
Is 517555 composite?
True
Is 339823 composite?
True
Is 151357 composite?
False
Is 185587 prime?
False
Is 5167 prime?
True
Is 47053 a prime number?
False
Is 40191 prime?
False
Is 41359 composite?
True
Is 12661 prime?
False
Is 9677 a composite number?
False
Is 677633 prime?
False
Is 421159 a prime number?
True
Is 1642021 a composite number?
False
Is 986257 a composite number?
False
Is 743 prime?
True
Is 373903 a prime number?
True
Is 22051 a composite number?
False
Is 42221 composite?
False
Is 17903 a prime number?
True
Is 112857 prime?
False
Is 1748827 prime?
False
Is 1558261 prime?
False
Is 142573 composite?
False
Is 147365 a prime number?
False
Is 35521 a composite number?
False
Is 52449 prime?
False
Is 1206307 a prime number?
True
Is 14969 composite?
False
Is 2927 composite?
False
Is 16723 composite?
True
Is 19799 a composite number?
True
Is 553423 prime?
False
Is 2110921 a composite number?
False
Is 56359 a prime number?
True
Is 6031 composite?
True
Is 567023 a prime number?
False
Is 817633 a composite number?
True
Is 11477 a prime number?
False
Is 18617 composite?
False
Is 2271499 prime?
True
Is 2480497 a prime number?
True
Is 17957 a prime number?
True
Is 15559 a composite number?
False
Is 57611 a composite number?
True
Is 259643 composite?
False
Is 492938 a composite number?
True
Is 25351 a composite number?
True
Is 114311 a prime number?
True
Is 59477 a prime number?
False
Is 8071693 prime?
False
Is 518593 prime?
False
Is 42859 composite?
False
Is 6289 composite?
True
Is 503123 a composite number?
False
Is 49 composite?
True
Is 362233 a prime number?
True
Is 1781173 prime?
True
Is 868639 composite?
False
Is 22301 a prime number?
False
Is 13093 a prime number?
True
Is 11483 a prime number?
True
Is 55763 a composite number?
False
Is 311546 a composite number?
True
Is 1838 a composite number?
True
Is 504113 prime?
False
Is 7669 a prime number?
True
Is 10427 composite?
False
Is 207091 prime?
False
Is 48947 a composite number?
False
Is 7631 composite?
True
Is 137867 prime?
True
Is 23843 composite?
True
Is 647 a prime number?
True
Is 5563 prime?
True
Is 421977 a prime number?
False
Is 11441 a prime number?
False
Is 33311 a composite number?
False
Is 29839 a prime number?
False
Is 16699 prime?
True
Is 5361 prime?
False
Is 131578 a prime number?
False
Is 1130621 composite?
False
Is 7681 composite?
False
Is 151261 prime?
False
Is 41807 prime?
False
Is 72043 a prime number?
True
Is 360433 a prime number?
False
Is 1565167 composite?
False
Is 7639 a composite number?
False
Is 15989 a prime number?
False
Is 65761 prime?
True
Is 201 a prime number?
False
Is 12149 a composite number?
False
Is 13961 prime?
False
Is 26083 a composite number?
False
Is 2309969 a composite number?
False
Is 158659 composite?
True
Is 25043 a composite number?
True
Is 20467 prime?
False
Is 39097 a prime number?
True
Is 11255 prime?
False
Is 16517 prime?
False
Is 20623 a composite number?
True
Is 725479 a composite number?
False
Is 106 a prime number?
False
Is 10495 prime?
False
Is 90847 a prime number?
True
Is 1084217 prime?
True
Is 114581 a composite number?
True
Is 60007 prime?
False
Is 4177 composite?
False
Is 5773 composite?
True
Is 104513 a composite number?
False
Is 47053 composite?
True
Is 2634238 a prime number?
False
Is 19231 a composite number?
False
Is 6283 a prime number?
False
Is 76537 composite?
False
Is 1697027 prime?
True
Is 136727 a prime number?
True
Is 23339 a composite number?
False
Is 1538 a prime number?
False
Is 506089 a prime number?
False
Is 12569 a composite number?
False
Is 295799 a composite number?
True
Is 63363 composite?
True
Is 21943 prime?
True
Is 13901 a prime number?
True
Is 28957 prime?
False
Is 1452047 prime?
True
Is 3031873 prime?
False
Is 701 composite?
False
Is 69691 composite?
False
Is 972197 composite?
False
Is 7019 a composite number?
False
Is 11721 a composite number?
True
Is 1492327 prime?
False
Is 2499649 composite?
True
Is 54019 a prime number?
False
Is 466943 a composite number?
True
Is 34939 composite?
False
Is 238861 composite?
True
Is 428221 composite?
False
Is 87509 a prime number?
True
Is 275299 composite?
False
Is 158987 composite?
True
Is 30826 a prime number?
False
Is 1510961 a composite number?
False
Is 3877 composite?
False
Is 10977 a composite number?
True
Is 269473 prime?
True
Is 681517 a composite number?
True
Is 4759 prime?
True
Is 6313 prime?
False
Is 61853 a composite number?
True
Is 1226699 a composite number?
False
Is 247 prime?
False
Is 838751 a prime number?
True
Is 165829 prime?
True
Is 20047 prime?
True
Is 40711 a composite number?
True
Is 16153 composite?
True
Is 9391 a composite number?
False
Is 396023 prime?
False
Is 20993 composite?
True
Is 162119 prime?
True
Is 250169 composite?
False
Is 286093 composite?
True
Is 978821 a prime number?
True
Is 27361 a composite number?
False
Is 144881 composite?
True
Is 614463 a prime number?
False
Is 130379 prime?
True
Is 67 a prime number?
True
Is 16603 prime?
True
Is 57935 composite?
True
Is 21781 a prime number?
False
Is 2615239 composite?
True
Is 10942 a composite number?
True
Is 34577 composite?
True
Is 137077 a composite number?
False
Is 450613 prime?
False
Is 7789 prime?
True
Is 240433 prime?
True
Is 31873 prime?
True
Is 30737 composite?
True
Is 1055 composite?
True
Is 9083 a prime number?
False
Is 21767 a prime number?
True
Is 599939 prime?
True
Is 1263239 composite?
False
Is 104821 a composite number?
True
Is 1347569 a prime number?
True
Is 1451735 a prime number?
False
Is 168239 composite?
True
Is 286789 a prime number?
True
Is 53513 composite?
True
Is 26063 a composite number?
True
Is 1885953 prime?
False
Is 791 a prime number?
False
Is 983495 prime?
False
Is 73909 a prime number?
False
Is 26449 a prime number?
True
Is 14873 prime?
False
Is 524401 a prime n